e tens digit of 13862?
6
What is the hundreds digit of 71321?
3
What is the hundreds digit of 32199?
1
What is the units digit of 946?
6
What is the tens digit of 74964?
6
What is the units digit of 1780?
0
What is the thousands digit of 2474?
2
What is the thousands digit of 52488?
2
What is the hundreds digit of 48012?
0
What is the thousands digit of 2081?
2
What is the hundred thousands digit of 117668?
1
What is the hundreds digit of 56238?
2
What is the hundreds digit of 7491?
4
What is the tens digit of 167?
6
What is the tens digit of 1021?
2
What is the thousands digit of 3924?
3
What is the tens digit of 10549?
4
What is the units digit of 13750?
0
What is the tens digit of 12563?
6
What is the tens digit of 1494?
9
What is the tens digit of 1205?
0
What is the hundreds digit of 1352?
3
What is the tens digit of 4812?
1
What is the hundreds digit of 26296?
2
What is the tens digit of 1758?
5
What is the tens digit of 99039?
3
What is the hundreds digit of 1405?
4
What is the hundreds digit of 68667?
6
What is the tens digit of 14056?
5
What is the hundreds digit of 20183?
1
What is the hundreds digit of 39359?
3
What is the units digit of 7017?
7
What is the tens digit of 27?
2
What is the units digit of 7973?
3
What is the hundreds digit of 12979?
9
What is the tens digit of 2235?
3
What is the units digit of 4205?
5
What is the tens digit of 68992?
9
What is the tens digit of 1716?
1
What is the ten thousands digit of 20364?
2
What is the units digit of 771?
1
What is the units digit of 1336?
6
What is the tens digit of 53201?
0
What is the thousands digit of 2364?
2
What is the thousands digit of 1279?
1
What is the hundreds digit of 1082?
0
What is the hundreds digit of 42245?
2
What is the tens digit of 90361?
6
What is the tens digit of 12104?
0
What is the units digit of 1555?
5
What is the thousands digit of 42768?
2
What is the hundreds digit of 1055?
0
What is the units digit of 25553?
3
What is the hundreds digit of 771?
7
What is the tens digit of 7529?
2
What is the units digit of 130039?
9
What is the hundreds digit of 2625?
6
What is the tens digit of 30735?
3
What is the units digit of 29739?
9
What is the units digit of 766?
6
What is the units digit of 28359?
9
What is the tens digit of 347?
4
What is the units digit of 4095?
5
What is the thousands digit of 44760?
4
What is the tens digit of 73695?
9
What is the units digit of 519?
9
What is the thousands digit of 5890?
5
What is the hundreds digit of 1927?
9
What is the tens digit of 1012?
1
What is the units digit of 1834?
4
What is the tens digit of 28832?
3
What is the thousands digit of 14423?
4
What is the thousands digit of 16754?
6
What is the units digit of 3066?
6
What is the tens digit of 8236?
3
What is the tens digit of 78?
7
What is the tens digit of 3871?
7
What is the ten thousands digit of 12006?
1
What is the tens digit of 1023?
2
What is the thousands digit of 2419?
2
What is the units digit of 13102?
2
What is the tens digit of 12483?
8
What is the tens digit of 17687?
8
What is the thousands digit of 5367?
5
What is the ten thousands digit of 10740?
1
What is the thousands digit of 1593?
1
What is the units digit of 546?
6
What is the ten thousands digit of 49025?
4
What is the thousands digit of 47380?
7
What is the thousands digit of 3528?
3
What is the tens digit of 9461?
6
What is the units digit of 2396?
6
What is the ten thousands digit of 11239?
1
What is the thousands digit of 4613?
4
What is the hundreds digit of 47345?
3
What is the tens digit of 84506?
0
What is the units digit of 3871?
1
What is the thousands digit of 1118?
1
What is the tens digit of 38820?
2
What is the ten thousands digit of 16481?
1
What is the hundreds digit of 19937?
9
What is the thousands digit of 3645?
3
What is the hundreds digit of 1622?
6
What is the thousands digit of 43216?
3
What is the tens digit of 6376?
7
What is the hundreds digit of 1846?
8
What is the hundreds digit of 479?
4
What is the tens digit of 4243?
4
What is the tens digit of 778?
7
What is the ten thousands digit of 18617?
1
What is the ten thousands digit of 81942?
8
What is the units digit of 10720?
0
What is the units digit of 5063?
3
What is the units digit of 447?
7
What is the ten thousands digit of 28095?
2
What is the tens digit of 1538?
3
What is the tens digit of 19183?
8
What is the hundreds digit of 112481?
4
What is the tens digit of 45346?
4
What is the tens digit of 750?
5
What is the units digit of 2593?
3
What is the thousands digit of 1254?
1
What is the tens digit of 106770?
7
What is the units digit of 5729?
9
What is the thousands digit of 16082?
6
What is the thousands digit of 124185?
4
What is the hundreds digit of 3208?
2
What is the thousands digit of 1165?
1
What is the tens digit of 29406?
0
What is the thousands digit of 1430?
1
What is the thousands digit of 1195?
1
What is the hundreds digit of 12821?
8
What is the thousands digit of 26301?
6
What is the tens digit of 23255?
5
What is the hundreds digit of 25745?
7
What is the thousands digit of 2176?
2
What is the tens digit of 18235?
3
What is the units digit of 939?
9
What is the units digit of 8675?
5
What is the tens digit of 69815?
1
What is the tens digit of 2617?
1
What is the thousands digit of 19113?
9
What is the tens digit of 90050?
5
What is the thousands digit of 9273?
9
What is the ten thousands digit of 16462?
1
What is the thousands digit of 3632?
3
What is the hundreds digit of 1505?
5
What is the hundreds digit of 21840?
8
What is the hundreds digit of 1377?
3
What is the units digit of 7828?
8
What is the units digit of 121229?
9
What is the tens digit of 2424?
2
What is the tens digit of 3327?
2
What is the thousands digit of 14121?
4
What is the tens digit of 2391?
9
What is the tens digit of 3864?
6
What is the units digit of 12562?
2
What is the ten thousands digit of 10847?
1
What is the hundreds digit of 2494?
4
What is the hundreds digit of 1178?
1
What is the hundreds digit of 319?
3
What is the thousands digit of 56371?
6
What is the hundreds digit of 5767?
7
What is the hundreds digit of 8277?
2
What is the hundred thousands digit of 116136?
1
What is the hundreds digit of 308?
3
What is the hundreds digit of 1136?
1
What is the thousands digit of 19420?
9
What is the units digit of 54766?
6
What is the hundreds digit of 19938?
9
What is the tens digit of 858?
5
What is the thousands digit of 3061?
3
What is the ten thousands digit of 19554?
1
What is the ten thousands digit of 122112?
2
What is the hundreds digit of 183?
1
What is the units digit of 661?
1
What is the units digit of 891?
1
What is the thousands digit of 12104?
2
What is the units digit of 2908?
8
What is the hundreds digit of 1475?
4
What is the units digit of 18779?
9
What is the hundreds digit of 929?
9
What is the tens digit of 28?
2
What is the tens digit of 821?
2
What is the units digit of 1029?
9
What is the thousands digit of 5962?
5
What is the thousands digit of 35176?
5
What is the units digit of 634?
4
What is the units digit of 2918?
8
What is the tens digit of 4293?
9
What is the ten thousands digit of 23923?
2
What is the hundreds digit of 7313?
3
What is the hundreds digit of 950?
9
What is the ten thousands digit of 42680?
4
What is the units digit of 168119?
9
What is the tens digit of 17494?
9
What is the units digit of 5185?
5
What is the hundreds digit of 357?
3
What is the hundreds digit of 712?
7
What is the thousands digit of 27775?
7
What is the tens digit of 22772?
7
What is the thousands digit of 52051?
2
What is the units digit of 1018?
8
What is the hundreds digit of 5560?
5
What is the thousands digit of 8230?
8
What is the hundreds digit of 73320?
3
What is the units digit of 1072?
2
What is the tens digit of 2798?
9
What is the units digit of 2218?
8
What is the thousands digit of 20655?
0
What is the tens digit of 25452?
5
What is the thousands digit of 33420?
3
What is the units digit of 13261?
1
What is the units digit of 5076?
6
What is the hundreds digit of 512?
5
What is the tens digit of 486?
8
What is the tens digit of 1900?
0
What is the units digit of 2397?
7
What is the hundreds digit of 4260?
2
What is the units digit of 282?
2
What is the hundreds digit of 71